se -3*x = -5*w + 1601, h*w - 2*x = 3*w + 961. What are the prime factors of w?
11, 29
Let p(v) = v**2 - v + 2. Let m(j) = -j**2 - 6*j + 3. Let w(i) = -m(i) + 6*p(i). List the prime factors of w(4).
11
Let a(q) be the second derivative of q**5/20 - 19*q**3/6 + 11*q**2/2 + 117*q. What are the prime factors of a(-4)?
23
Let f(g) = -g**2 - 8*g + 38. Let i be f(-11). Suppose o - 483 = -o + 5*s, 3*o + i*s - 712 = 0. List the prime factors of o.
239
Suppose 4*j - 5*p - 1337 = 3*j, 5*j - 5*p = 6585. Suppose 2*s - j = -y + 4*s, -3*s = -2*y + 2620. List the prime factors of y.
2, 163
Let k = -14341 - -23477. What are the prime factors of k?
2, 571
Let m be -6 + 1043 + 1 + 1*5. Let p = -662 + m. List the prime factors of p.
3, 127
Suppose -14*p + 11*p = -48. Suppose p*n = 13*n. Suppose -4*x - u + 325 = n, -3*x + 236 + 13 = -u. What are the prime factors of x?
2, 41
Suppose -3*u = -2*k + 7503, -4*k + 14985 = -0*u + u. Suppose -13*w + k + 400 = 0. What are the prime factors of w?
11, 29
Let m(z) = 8*z - 9. Let s be m(-5). Let o = 79 + s. What are the prime factors of (-5)/o + 1459/6?
3
Let b = -13269 + 7404. What are the prime factors of (-12)/78 - b/13?
11, 41
Let j be 26/12 + 1*(-4)/24. Let w be 2574/27 - j/6. Suppose g = 5*q - 25 + w, 0 = g + q - 100. List the prime factors of g.
5, 19
Suppose 4*i = 5*y - 33203, 2*y + 33221 = 7*y - 13*i. List the prime factors of y.
3, 2213
Suppose -5*s + 4*s = t - 261, -3*t + 786 = 2*s. Let m = 372 - t. List the prime factors of m.
2, 3
Suppose -2*u + 131630 = -2*m, 18*u - 17*u + 2*m = 65800. What are the prime factors of u?
2, 5, 6581
Suppose -4*z - 55 - 5 = 0. Let i = z - 4. Let c(l) = -l**2 - 20*l + 58. List the prime factors of c(i).
7, 11
Let u(r) = -22*r**2 - 8*r + 89. Let d be u(6). Let p = -436 - d. List the prime factors of p.
3, 5, 7
Suppose -5*q = -5*p - 260, -p = -4*q + 5*q - 52. Let s = q - 41. Suppose 241 = 2*i - s. List the prime factors of i.
2, 3, 7
Suppose 10*b - 14*b = -q + 332, 5*b - 1760 = -5*q. Suppose -3*p - 3*g + q = 0, 2*g - 104 = -p - 3*g. List the prime factors of p.
7, 17
Suppose -5*o + 13365 = -16*v + 15*v, 3*o - v - 8017 = 0. Let i = o + -1780. List the prime factors of i.
2, 3, 149
Suppose -4*x = 2*v - 14, -2*x + 2*v = -0*v - 4. Suppose 0 = -o + 5*u + 773, 5*o - x*u - 4091 + 204 = 0. Suppose 0 = -5*d + o + 67. List the prime factors of d.
13
Let c(t) = -190*t + 45. Let w be c(-16). Suppose -w - 50696 = -39*u. What are the prime factors of u?
7, 197
Suppose -976 = a - 9*a. Suppose -2*z = -5*z - 270. Let h = a + z. List the prime factors of h.
2
Let z(r) be the third derivative of 31*r**4/6 - 17*r**3/2 - r**2 + 14. List the prime factors of z(5).
569
Suppose 828669 = 147*o - 90522. What are the prime factors of o?
13, 37
Let i = -3354 + 5056. Suppose 2*x + 7*b = 6*b + 1705, 2*x + 4*b = i. List the prime factors of x.
853
Suppose 36*m - 13*m - 28710 = 12*m. What are the prime factors of m?
2, 3, 5, 29
Let m(i) = 262*i**2 + 57*i - 118. List the prime factors of m(2).
2, 3, 29
Let u be ((-1)/2*-3)/(6/4). Let f be (-6)/15*u + 2/5. What are the prime factors of f/(-1) + (44 - (-2 + 1))?
3, 5
Let d(y) = -3*y**2 + 6*y**2 - 5*y**2 - 50 + 6*y**2 + 9*y. What are the prime factors of d(-12)?
2, 11, 19
Suppose -21*p - 866 + 11387 = 0. Let c = p - 158. List the prime factors of c.
7
Suppose 0 = -65*h + 66*h - 22095. What are the prime factors of h?
3, 5, 491
Let i(z) = -1204*z - 73. List the prime factors of i(-8).
11, 79
Let t be (-6)/(2 + (-2933)/1463). Suppose h = -4*l + 1252, -h = -53*l + 58*l - t. What are the prime factors of h?
2, 311
Suppose 10*j - 980287 = 107353. Suppose -j = -59*t - 23096. What are the prime factors of t?
2, 3, 11
Let x(q) = q**2 + q + 2. Let d be x(-1). Let b(y) = 7 + 16 + 2*y**d - 9 - 2*y. What are the prime factors of b(7)?
2, 7
Suppose -2*v = -4*d - 11834, -37*v + 5917 = -36*v + 5*d. List the prime factors of v.
61, 97
Let w(i) = -i**2 - i + 227*i**3 + 7 + i + 546*i**3 - 8*i. What are the prime factors of w(1)?
3, 257
Let v(z) = z**3 + 149*z**2 - 205*z + 941. What are the prime factors of v(-150)?
7, 13, 101
Let y = 27 - 22. Suppose 3*q - 1163 = 2*q - y*x, -4*q + 3*x = -4721. List the prime factors of q.
2, 19, 31
Suppose -2*r + 5*i = -91479, -3*r - 5053*i = -5054*i - 137199. What are the prime factors of r?
2, 3, 37, 103
Let n be ((-208)/(-5))/(18/675). What are the prime factors of n/(-273)*98/(-4)?
2, 5, 7
Let j be (-2)/(-6) - (-1393)/(-21). Let t = 113 + j. Let a = -30 + t. List the prime factors of a.
17
Let o(c) = 537*c + 2751. List the prime factors of o(25).
2, 3, 337
Suppose 2*x + 8 = -114. Let i = x - -203. Let j = i + -28. What are the prime factors of j?
2, 3, 19
Let k = 40 - 45. Let z(o) = 15*o**2 + 5*o + 12. Let y be z(k). Suppose 2*d + 4 = 0, -4*l - 3*d + 4*d = -y. What are the prime factors of l?
2, 3, 5
Suppose -12*o - 13104 = -6*o. Let n = o - -3817. What are the prime factors of n?
23, 71
Let x(o) = -o**2 - 9*o + 11. Let a be x(-10). Let b(k) = -283*k - 3. Let m(r) = 141*r + 1. Let g(s) = 2*b(s) + 5*m(s). List the prime factors of g(a).
2, 3, 23
List the prime factors of ((-124)/2)/(24895/(-1310) + 19).
2, 31, 131
Suppose -2*a - 6 = -198. Suppose 101*o - a*o = 955. List the prime factors of o.
191
Let c be 0/(-1*(-5 + 3)). List the prime factors of -2 - -151 - ((-28)/(-7) + c).
5, 29
Let i = 0 + -159. Let w = i - -414. List the prime factors of w.
3, 5, 17
Let n(b) = -b**3 + 11*b**2 + b - 10. Let m be n(11). Suppose -3*l + 13 = -5*c, 2*l + m - 5 = c. List the prime factors of 42/(-12)*8*11/c.
2, 7, 11
Let x = 39643 + -27028. List the prime factors of x.
3, 5, 29
Let v be 6/1*69/9. Let s = -41 + v. Suppose s*z + 21 - 156 = 0. List the prime factors of z.
3
List the prime factors of 330590/39 + (-4)/(-22) + 20/132.
7, 173
Suppose -4 = 5*i + 5*q + 1, -5*i = -q - 25. Suppose -2*p - w + i = -4, -2*p = 4*w - 14. Suppose p*u = 126 + 117. What are the prime factors of u?
3
List the prime factors of (-603)/(-6)*(-188668)/(-303).
2, 67, 467
Suppose 209*d + 910 = 4672. Let t(f) = 7*f**2 - 6*f + 27. Let l(m) = 6*m**2 - 7*m + 26. Let s(a) = 6*l(a) - 5*t(a). What are the prime factors of s(d)?
3, 43
Suppose 0*n - n = -294. Let w be 5/(-6) - (-1190)/60. Suppose -13*a - n = -w*a. List the prime factors of a.
7
Suppose 4*n = t + 2575, 5*t - 5150 = 7*t - 3*n. Let u = -1106 - t. List the prime factors of u.
13, 113
Let w(y) = -290*y + 8. Let g be w(-1). Suppose 4*b + 2*f = g + 522, -3*f - 402 = -2*b. List the prime factors of b.
2, 3, 17
Let y = -11 - -17. Suppose -y*x + 7*x = 246. Let v = x - 129. What are the prime factors of v?
3, 13
Let n(m) = 39*m - 90. Let v(o) = o**2 + 5*o - 14. Let p be v(-8). List the prime factors of n(p).
2, 3, 5
Let u = 57 + -57. Suppose u = x + 18 + 3. Let g = x + 207. List the prime factors of g.
2, 3, 31
Suppose 0 = 3*b - 0*b - 3*h + 9, 0 = 3*b - 2*h + 8. What are the prime factors of 6/(-21) - b*(-1142)/(-7)?
2, 163
Suppose 3*x - 3 = 6. Suppose 0 = 3*y - x*l + 15, 5*y - 6 + 3 = -2*l. Let s(f) = -57*f**3 + f**2 + 2*f + 2. List the prime factors of s(y).
2, 29
Suppose -12*o + 0*o - 17388 = 0. Let u = -219 - o. List the prime factors of u.
2, 3, 5, 41
Suppose -31*t = -28*t - 21. Let j(m) = t*m - 1 - 3 + 24*m**2 + 2*m - 22*m**2. What are the prime factors of j(4)?
2
Let p(w) = -8*w + 26. Let m be p(9). What are the prime factors of (32/10)/(m/(-10005))?
2, 3, 29
Suppose -4*q + 7 = -1. Let j be -235 + (1 - 2) + (5 - q). Let a = -75 - j. List the prime factors of a.
2, 79
Let o be ((-32)/(-40))/(4/1570). Let u = 625 - o. List the prime factors of u.
311
Suppose 59*c + 5*y = 52*c + 110755, y = -4*c + 63296. List the prime factors of c.
3, 5, 211
Suppose -3*g - 3*k + 55988 + 35125 = 0, 4*k = 2*g - 60748. What are the prime factors of g?
2, 3, 2531
List the prime factors of (10/4 - 5)*5/((-25)/19196).
2, 4799
Let t = -145 + 143. List the prime factors of 667 + 0*(-1 - 1/t).
23, 29
Suppose 0 = 2*p + 336 - 64. Let b = 176 + p. List the prime factors of b.
2, 5
Let j(o) = o**3 - 4*o**2 - 4*o + 24. Let d be j(3). Suppose 0 = -2*s + d*g + 1029, 3*s + 4*g - 5*g = 1561. List the prime factors of s.
2, 3, 29
Let g(n) = -n**3 - 7*n**2 - 9*n + 7. Let c be g(-5). Suppose -438 = -5*y + 4*s, -24*s + 178 = c*y - 27*s. What are the prime factors of y?
2, 43
